MONTHLY CLIMATOLOGICAL SUMMARY for AUG. 2011

NAME: Davis Vantage pro 2   CITY: Rossano Veneto STATE: Italia
ELEV: 86 LAT: 4542'30.22" LONG: 1148'17.75"

                            TEMPERATURE ( C), RAIN (mm), WIND SPEED (kmh)

                                               HEAT     COOL           AVG
      MEAN                                     DEG      DEG            WIND                       DOM
DAY   TEMP    HIGH   TIME     LOW    TIME      DAYS     DAYS    RAIN   SPEED    HIGH    TIME      DIR
----------------------------------------------------------------------------------------------------------------------------------------------------------
01    23.5    29.1   16:29    19.5   06:48     00.0     09.8    00.0   02.6     25.9    18:44      E 
02    24.4    29.8   15:37    20.0   04:30     00.0     10.7    00.0   02.1     13.0    16:17     ESE
03    25.0    29.6   13:20    21.3   07:05     00.0     11.3    00.0   02.7     18.5    17:16     ESE
04    25.3    30.8   15:48    20.1   05:55     00.0     11.6    00.0   03.6     24.1    22:48      NW
05    25.3    30.5   15:44    20.4   07:15     00.0     11.6    00.0   02.4     14.8    15:49     ENE
06    24.2    28.7   17:38    19.4   06:53     00.0     10.5    07.2   02.7     25.9    04:43     NNE
07    24.4    28.9   14:27    20.7   06:59     00.0     10.7    00.0   02.8     18.5    16:16     NNW
08    25.9    31.1   16:36    21.6   07:01     00.0     12.2    00.0   04.7     33.3    14:51      SW
09    22.2    26.6   16:19    17.4   07:31     00.0     08.5    00.0   04.7     22.2    08:20      E 
10    21.5    27.4   16:00    14.7   06:57     00.0     07.8    00.0   03.8     22.2    16:59      SE
11    21.2    27.9   16:09    15.1   07:03     00.0     07.5    00.0   02.7     16.7    19:25      E 
12    22.8    29.1   16:18    16.0   05:55     00.0     09.1    00.0   01.9     13.0    15:36     ENE
13    24.6    31.1   16:17    18.4   07:15     00.0     10.9    00.0   02.1     16.7    14:43     ENE
14    25.6    32.3   16:37    19.3   07:06     00.0     11.9    00.0   02.9     18.5    19:22     SSE
15    24.2    29.4   15:49    20.6   12:06     00.0     10.5    07.2   02.3     18.5    13:03      NE
16    25.3    31.4   15:35    19.6   07:11     00.0     11.6    00.0   02.7     18.5    13:56      E 
17    26.0    31.9   16:03    20.5   05:25     00.0     12.3    00.0   02.1     18.5    14:37      E 
18    26.8    33.9   16:40    20.9   03:55     00.0     13.1    00.0   02.6     18.5    17:47     SSE
19    27.4    35.1   16:51    21.7   04:20     00.0     13.7    00.0   03.3     24.1    16:41      SE
20    28.4    35.1   15:31    22.7   06:27     00.0     14.7    00.0   02.2     14.8    15:31      NE
21    29.2    35.9   16:16    23.1   06:15     00.0     15.5    00.0   02.0     16.7    15:33      SE
22    29.6    37.0   16:06    23.4   06:37     00.0     15.9    00.0   02.5     16.7    18:50      S 
23    29.7    37.2   15:55    23.7   06:27     00.0     16.0    00.0   02.0     14.8    16:53      E 
24    28.7    35.7   16:39    22.9   07:07     00.0     15.0    00.0   02.1     14.8    18:18      E 
25    28.5    35.5   16:39    22.3   06:58     00.0     14.8    00.0   02.2     18.5    18:17      SE
26    28.2    35.2   15:31    22.6   07:18     00.0     14.5    00.0   02.9     18.5    18:01     ESE
27    26.6    32.5   15:57    22.8   23:04     00.0     12.9    02.2   04.5     37.0    15:20     SSW
28    24.0    29.5   16:34    18.8   06:53     00.0     10.3    00.0   04.0     29.6    12:07     ENE
29    23.3    30.0   17:22    17.0   07:09     00.0     09.6    00.0   01.7     14.8    15:18      E 
30    23.7    30.0   15:56    18.4   07:05     00.0     10.0    00.0   03.2     25.9    14:42     ENE
31    24.4    30.7   15:42    19.3   07:28     00.0     10.7    00.0   03.9     24.1    22:18     ESE
----------------------------------------------------------------------------------------------------------------------------------------------------------
25.5 (25.9)   37.2  day 23     14.7  day 10   000.0    365.4   016.6   02.8     37.0   day 28      E 
Max >=  20: 31
Max Rain: 7.2 ON 6-08-11
Days of Rain: 3 (> .2mm) 3 (> 2mm) 0 (> 20mm)