MONTHLY CLIMATOLOGICAL SUMMARY for AUG. 2012

NAME: Davis Vantage pro 2   CITY: Rossano Veneto STATE: Italia
ELEV: 86 LAT: 4542'30.22" LONG: 1148'17.75"

                            TEMPERATURE ( C), RAIN (mm), WIND SPEED (kmh)

                                               HEAT     COOL           AVG
      MEAN                                     DEG      DEG            WIND                       DOM
DAY   TEMP    HIGH   TIME     LOW    TIME      DAYS     DAYS    RAIN   SPEED    HIGH    TIME      DIR
----------------------------------------------------------------------------------------------------------------------------------------------------------
01    27.6    33.9   15:29    20.8   06:23     00.0     13.9    00.0   02.2     20.4    14:13      E 
02    27.7    35.0   16:49    21.2   07:06     00.0     14.0    00.0   02.4     20.4    17:07      SE
03    27.9    33.7   16:37    22.1   06:45     00.0     14.2    00.0   02.1     18.5    14:33     ENE
04    27.9    33.8   15:52    21.9   06:33     00.0     14.2    00.0   03.1     20.4    11:55     ENE
05    28.2    33.6   16:11    22.2   07:10     00.0     14.5    00.0   03.7     24.1    12:07     ENE
06    27.5    33.2   15:23    22.0   05:57     00.0     13.8    00.0   03.1     25.9    15:44      SE
07    27.0    33.2   17:06    21.3   05:48     00.0     13.3    00.0   01.9     16.7    14:25      E 
08    27.1    32.4   15:56    21.3   06:46     00.0     13.4    00.0   03.3     22.2    10:16     ENE
09    25.8    32.4   16:03    19.7   00:00     00.0     12.1    04.0   03.8     20.4    21:58     ENE
10    24.0    30.7   15:42    19.5   07:11     00.0     10.3    00.2   04.2     29.6    20:38     NNW
11    24.0    30.7   15:55    18.0   07:02     00.0     10.3    00.4   03.3     44.4    21:25      E 
12    22.8    28.3   16:07    18.8   06:08     00.0     09.1    00.0   03.3     18.5    18:19     ESE
13    24.3    29.5   17:20    19.0   06:59     00.0     10.6    00.0   02.2     18.5    13:43      E 
14    24.6    30.6   16:25    19.0   05:52     00.0     10.9    00.0   02.0     18.5    19:03     ESE
15    25.9    32.7   16:46    20.6   07:08     00.0     12.2    00.0   03.0     22.2    15:56      SE
16    26.7    32.2   15:02    21.6   07:02     00.0     13.0    00.6   02.8     18.5    20:56     ENE
17    27.1    33.3   16:08    20.8   07:06     00.0     13.4    00.0   02.1     20.4    11:02     ENE
18    27.8    33.8   15:53    21.7   07:20     00.0     14.1    00.0   02.2     18.5    02:01     ENE
19    28.5    34.6   17:13    22.1   07:13     00.0     14.8    00.0   01.6     14.8    12:58      E 
20    28.9    35.2   16:19    22.5   07:06     00.0     15.2    00.0   01.3     16.7    13:37      E 
21    29.1    36.4   16:16    22.5   07:09     00.0     15.4    00.0   01.8     18.5    13:53      SE
22    29.1    37.0   16:12    23.9   05:06     00.0     15.4    00.0   02.7     20.4    17:21     ESE
23    28.5    34.7   16:34    23.6   04:38     00.0     14.8    00.0   02.1     20.4    07:43      E 
24    28.4    35.2   16:56    22.3   06:55     00.0     14.7    00.0   02.6     24.1    19:05     ESE
25    28.1    35.5   16:36    22.4   07:11     00.0     14.4    00.0   03.5     22.2    15:02     ESE
26    22.3    29.5   14:45    15.9   00:00     00.0     08.6    43.8   03.6     59.2    17:06     ENE
27    20.7    28.4   16:04    13.1   07:15     00.0     07.0    00.2   02.9     20.4    18:37      SW
28    22.4    29.4   14:58    16.2   07:28     00.0     08.7    00.0   01.8     18.5    18:30      S 
29    24.0    30.4   16:20    16.9   07:11     00.0     10.3    00.0   01.2     18.5    15:18     ENE
30    24.9    31.7   16:08    19.7   07:23     00.0     11.2    02.8   01.5     20.4    21:12     ENE
31    19.3    21.1   15:53    16.0   18:08     00.0     05.6    30.8   03.5     38.9    17:46      N 
----------------------------------------------------------------------------------------------------------------------------------------------------------
26.1 (26.3)   37.0  day 22     13.1  day 27   000.0    383.1   082.8   02.6     59.2   day 26      E 
Max >=  27: 30
Max Rain: 43.8 ON 26-08-12
Days of Rain: 62 (> .2mm) 58 (> 2mm) 56 (> 20mm)