MONTHLY CLIMATOLOGICAL SUMMARY for AUG. 2013

NAME: Davis Vantage pro 2   CITY: Rossano Veneto STATE: Italia
ELEV: 86 LAT: 4542'30.22" LONG: 1148'17.75"

                            TEMPERATURE ( C), RAIN (mm), WIND SPEED (kmh)

                                               HEAT     COOL           AVG
      MEAN                                     DEG      DEG            WIND                       DOM
DAY   TEMP    HIGH   TIME     LOW    TIME      DAYS     DAYS    RAIN   SPEED    HIGH    TIME      DIR
----------------------------------------------------------------------------------------------------------------------------------------------------------
01    27.0    33.0   16:57    20.8   03:25     00.0     13.3    00.0   01.6     14.8    17:13      N 
02    27.9    34.7   16:37    20.3   06:07     00.0     14.2    00.0   01.7     16.7    17:47     SSW
03    28.0    34.7   15:43    21.1   06:37     00.0     14.3    00.0   01.1     14.8    13:28     ENE
04    29.7    35.6   16:49    24.0   04:34     00.0     16.0    00.0   01.4     14.8    13:45     WSW
05    30.0    35.7   15:33    23.7   06:28     00.0     16.3    00.0   01.9     18.5    11:51     ENE
06    30.1    36.7   15:31    23.2   07:04     00.0     16.4    00.0   01.8     18.5    15:44     SSE
07    29.0    34.7   16:01    24.0   05:49     00.0     15.3    00.0   01.3     16.7    14:16      E 
08    28.6    35.0   16:22    23.1   05:17     00.0     14.9    00.0   03.6     27.8    19:24     WNW
09    27.6    32.4   15:04    22.7   03:33     00.0     13.9    01.8   05.2     33.3    23:56     WNW
10    24.5    29.9   16:30    19.5   04:27     00.0     10.8    10.2   03.1     29.6    00:17     ENE
11    25.4    30.8   16:20    19.4   06:21     00.0     11.7    00.0   02.0     16.7    15:33     SSE
12    26.3    32.3   16:27    20.1   06:26     00.0     12.6    00.0   01.7     16.7    15:27     ESE
13    25.7    32.8   16:33    20.0   07:01     00.0     12.0    00.0   02.7     29.6    20:27      E 
14    20.7    23.4   18:16    18.3   10:45     00.0     07.0    21.2   04.2     24.1    10:41     ENE
15    22.3    27.8   16:58    16.3   06:01     00.0     08.6    00.0   01.4     18.5    10:57     ENE
16    23.2    29.4   15:42    17.1   06:50     00.0     09.5    00.0   01.4     22.2    10:46      NE
17    24.5    31.0   16:36    17.3   06:56     00.0     10.8    00.0   01.1     16.7    11:57     NNW
18    25.3    32.2   15:34    18.8   07:24     00.0     11.6    00.0   01.4     16.7    13:51      SE
19    25.0    31.8   15:52    18.8   07:04     00.0     11.3    00.0   02.2     22.2    22:39      E 
20    21.5    25.6   18:00    18.4   07:06     00.0     07.8    01.8   02.4     22.2    18:22      E 
21    22.6    28.8   15:45    15.7   07:05     00.0     08.9    00.0   00.9     18.5    13:42      E 
22    23.3    29.1   16:41    17.3   06:55     00.0     09.6    00.0   01.5     16.7    14:15      E 
23    23.8    28.8   17:08    19.1   06:57     00.0     10.1    00.8   02.1     25.9    20:31     NNE
24    22.7    28.7   16:07    16.8   07:05     00.0     09.0    19.8   02.4     27.8    23:53     ENE
25    20.4    26.6   15:05    17.7   02:24     00.0     06.7    28.4   03.7     27.8    19:49      NE
26    19.5    25.4   16:12    16.8   06:36     00.0     05.8    04.0   02.4     22.2    17:53      N 
27    20.1    25.5   16:37    14.8   22:09     00.0     06.4    32.6   02.2     66.6    21:38      NE
28    19.7    26.2   15:41    15.1   07:10     00.0     06.0    00.2   01.2     16.7    18:52     NNE
29    21.3    27.0   16:05    17.8   23:33     00.0     07.6    05.4   01.9     27.8    22:28      E 
30    21.5    27.3   14:40    16.1   07:10     00.0     07.8    00.0   01.6     16.7    13:27     ENE
31    22.2    27.6   15:45    16.9   07:34     00.0     08.5    00.0   00.8     16.7    15:35      SE
----------------------------------------------------------------------------------------------------------------------------------------------------------
24.5 (24.7)   36.7  day 06     14.8  day 27   000.0    334.7   127.8   02.1     66.6   day 27     ENE
Max >=  27: 24
Max Rain: 32.6 ON 27-08-13
Days of Rain: 10 (> .2mm) 7 (> 2mm) 3 (> 20mm)