MONTHLY CLIMATOLOGICAL SUMMARY for SEP. 2010

NAME: LaCrossWS3600   CITY: Rossano Veneto STATE: Italia
ELEV: 86 LAT: 4542'30.22" LONG: 1148'17.75"

                            TEMPERATURE ( C), RAIN (mm), WIND SPEED (kmh)

                                               HEAT     COOL           AVG
      MEAN                                     DEG      DEG            WIND                       DOM
DAY   TEMP    HIGH   TIME     LOW    TIME      DAYS     DAYS    RAIN   SPEED    HIGH    TIME      DIR
----------------------------------------------------------------------------------------------------------------------------------------------------------
01    19.6    25.7   16:43    13.6   07:34     00.0     06.8    00.0   03.1     22.2    00:59     SSE
02    19.0    25.6   17:12    12.2   06:46     00.0     06.2    00.0   01.7     14.8    18:51      E 
03    20.0    23.9   15:23    16.4   07:26     00.0     07.2    00.0   02.8     24.1    14:22     ENE
04    21.4    27.1   16:55    16.1   07:29     00.0     08.6    00.0   02.0     16.6    23:47      SE
05    20.3    22.9   16:36    17.8   07:15     00.0     07.5    00.0   03.3     18.5    10:03      E 
06    18.3    20.7   15:28    16.3   07:39     00.0     05.5    00.0   04.4     20.4    13:27      E 
07    15.9    18.2   17:56    13.6   08:25     00.0     03.1    90.6   02.8     16.6    15:54     ENE
08    18.4    22.8   17:59    15.6   00:00     00.0     05.6    44.6   03.2     42.5    23:24     ENE
09    18.6    24.8   15:52    13.8   07:24     00.0     05.8    03.8   02.7     22.2    21:06      E 
10    19.6    26.2   16:57    14.2   06:26     00.0     06.8    00.3   02.1     20.4    00:59      W 
11    19.9    27.1   16:36    13.2   06:56     00.0     07.1    00.0   01.3     11.1    15:44     NNW
12    20.0    26.4   16:23    14.9   07:24     00.0     07.2    00.0   01.9     16.6    13:39     WNW
13    18.0    20.3   16:31    14.8   04:30     00.0     05.2    00.0   03.5     37.0    13:33     NNW
14    20.8    27.1   15:31    15.3   07:10     00.0     08.0    00.0   02.1     18.5    16:23      NW
15    20.1    26.8   16:30    14.4   06:26     00.0     07.3    00.0   01.7     18.5    13:03     SSE
16    20.8    25.8   14:53    17.8   05:40     00.0     08.0    00.9   02.2     22.2    14:02      E 
17    19.5    22.1   16:59    17.9   07:57     00.0     06.7    00.6   01.3     18.5    19:18      SE
18    15.6    18.3   00:15    13.8   16:36     00.0     02.8    33.7   03.7     25.9    06:07     ENE
19    17.4    23.3   15:37    13.5   08:00     00.0     04.6    00.0   02.1     22.2    17:30     WSW
20    17.4    22.6   15:30    12.8   07:32     00.0     04.6    00.0   01.9     12.9    15:00     ENE
21    18.2    25.9   17:38    11.6   07:22     00.0     05.4    00.0   01.2     09.3    13:07      NW
22    19.1    26.8   16:01    12.8   06:29     00.0     06.3    00.0   01.7     16.6    13:18      NE
23    18.1    24.6   16:36    12.5   07:15     00.0     05.3    00.0   01.6     16.6    17:41      NE
24    18.0    24.2   14:42    13.3   07:49     00.0     05.2    21.8   02.8     18.5    16:55     ENE
25    16.8    21.8   17:14    13.1   06:54     00.0     04.0    26.3   04.5     27.8    05:41     ENE
26    17.0    23.3   15:26    12.3   05:11     00.0     04.2    00.0   01.9     12.9    15:34     ESE
27    13.9    15.1   14:37    12.0   23:00     00.0     01.1    13.5   02.4     22.2    11:34      NE
28    14.3    19.8   15:35    10.6   08:04     00.0     01.5    00.0   01.3     12.9    14:56     WSW
29    15.4    22.1   15:26    10.4   07:45     00.0     02.6    00.0   01.6     18.5    17:08      W 
30    15.5    21.0   15:35    10.6   07:52     00.0     02.7    00.0   01.4     14.8    16:21      W 
----------------------------------------------------------------------------------------------------------------------------------------------------------
18.2 (18.7)   27.1  day 14     10.4  day 29   000.0    162.6   236.2   02.3     42.6   day 25     ENE
Max >=  20: 26
Max Rain: 90.6 ON 7-09-10
Days of Rain: 10 (> .2mm) 7 (> 2mm) 5 (> 20mm)