MONTHLY CLIMATOLOGICAL SUMMARY for SEP. 2011

NAME: Davis Vantage pro 2   CITY: Rossano Veneto STATE: Italia
ELEV: 86 LAT: 4542'30.22" LONG: 1148'17.75"

                            TEMPERATURE ( C), RAIN (mm), WIND SPEED (kmh)

                                               HEAT     COOL           AVG
      MEAN                                     DEG      DEG            WIND                       DOM
DAY   TEMP    HIGH   TIME     LOW    TIME      DAYS     DAYS    RAIN   SPEED    HIGH    TIME      DIR
----------------------------------------------------------------------------------------------------------------------------------------------------------
01    23.5    28.0   13:57    19.7   07:02     00.0     09.8    00.0   03.4     22.2    16:07     ENE
02    24.6    29.4   15:26    20.6   05:32     00.0     10.9    00.0   01.6     13.0    15:01      N 
03    25.8    31.8   15:58    20.4   06:45     00.0     12.1    00.0   01.8     18.5    16:03     ESE
04    23.5    29.0   12:47    19.5   00:00     00.0     09.8    14.2   02.6     22.2    22:01     ENE
05    19.9    22.7   16:02    18.7   03:41     00.0     06.2    28.0   03.3     18.5    14:12      E 
06    22.4    27.4   16:34    19.2   07:04     00.0     08.7    00.8   03.0     24.1    15:54     ENE
07    21.7    27.2   15:52    16.6   05:37     00.0     08.0    00.0   01.7     14.8    12:31      N 
08    22.6    26.5   17:41    18.9   07:17     00.0     08.9    00.0   01.3     11.1    19:04     NNE
09    23.2    28.3   16:14    18.6   07:37     00.0     09.5    00.0   01.6     14.8    12:57      E 
10    24.4    30.4   16:01    18.2   07:19     00.0     10.7    00.0   02.0     14.8    18:43      S 
11    24.4    29.7   15:51    19.7   07:44     00.0     10.7    00.0   01.7     16.7    14:29      E 
12    24.4    29.9   15:48    21.0   07:59     00.0     10.7    01.6   02.6     20.4    12:07      NE
13    25.0    31.1   15:02    20.1   05:08     00.0     11.3    00.0   02.3     18.5    16:22      W 
14    24.8    31.2   15:46    18.9   07:33     00.0     11.1    00.0   02.2     18.5    16:17     SSE
15    24.8    30.2   16:30    20.6   07:37     00.0     11.1    00.0   02.3     20.4    10:51      E 
16    24.3    30.3   15:20    19.2   06:21     00.0     10.6    00.0   01.8     13.0    18:06      E 
17    24.0    29.9   15:54    18.9   06:27     00.0     10.3    02.8   01.9     18.5    00:00     ESE
18    20.3    24.5   13:41    18.2   00:00     00.0     06.6    54.2   03.9     42.6    07:01      NE
19    17.3    21.6   16:05    12.7   09:41     00.0     03.6    10.2   05.3     33.3    07:46      N 
20    19.1    25.9   15:33    14.1   04:31     00.0     05.4    00.0   02.8     16.7    14:49     WSW
21    21.0    27.9   15:36    14.6   05:08     00.0     07.3    00.0   03.6     24.1    08:15     WNW
22    21.4    27.2   15:30    16.6   07:22     00.0     07.7    00.0   01.3     11.1    15:25      N 
23    21.1    25.7   15:07    17.2   07:41     00.0     07.4    00.0   02.7     22.2    12:39     ENE
24    20.5    26.0   15:01    15.8   07:40     00.0     06.8    00.0   01.7     18.5    14:59     ENE
25    20.4    26.6   15:45    14.9   07:36     00.0     06.7    00.0   01.6     14.8    17:30      NE
26    20.7    27.5   15:48    14.9   07:41     00.0     07.0    00.0   01.4     16.7    14:08     ENE
27    21.1    28.0   15:19    15.5   06:27     00.0     07.4    00.0   01.8     16.7    16:33      NE
28    21.7    27.8   14:25    16.0   07:28     00.0     08.0    00.0   02.1     18.5    15:24      NE
29    20.8    26.3   14:08    15.4   07:48     00.0     07.1    00.0   01.4     13.0    12:06     NNE
30    20.9    27.4   15:27    15.3   08:01     00.0     07.2    00.0   01.6     14.8    12:49      NE
----------------------------------------------------------------------------------------------------------------------------------------------------------
22.3 (22.8)   31.8  day 03     12.7  day 19   000.0    258.5   112.6   02.3     42.6   day 18      NE
Max >=  20: 30
Max Rain: 54.2 ON 18-09-11
Days of Rain: 7 (> .2mm) 5 (> 2mm) 2 (> 20mm)