MONTHLY CLIMATOLOGICAL SUMMARY for SEP. 2012

NAME: Davis Vantage pro 2   CITY: Rossano Veneto STATE: Italia
ELEV: 86 LAT: 4542'30.22" LONG: 1148'17.75"

                            TEMPERATURE ( C), RAIN (mm), WIND SPEED (kmh)

                                               HEAT     COOL           AVG
      MEAN                                     DEG      DEG            WIND                       DOM
DAY   TEMP    HIGH   TIME     LOW    TIME      DAYS     DAYS    RAIN   SPEED    HIGH    TIME      DIR
----------------------------------------------------------------------------------------------------------------------------------------------------------
01    19.0    23.6   15:08    15.7   05:15     00.0     05.3    04.0   06.7     40.7    13:04      NE
02    21.5    26.6   15:20    16.1   06:26     00.0     07.8    11.8   03.4     31.5    00:11     ENE
03    21.7    26.4   12:22    19.6   06:24     00.0     08.0    01.0   04.0     27.8    09:52     NNE
04    22.6    28.2   16:31    18.5   06:44     00.0     08.9    07.4   04.7     29.6    12:36      NE
05    23.3    28.3   14:07    18.4   07:24     00.0     09.6    00.0   02.3     22.2    10:41     ENE
06    23.5    29.4   14:37    18.7   05:11     00.0     09.8    00.0   02.5     20.4    14:14     WSW
07    23.1    27.9   16:07    19.9   07:12     00.0     09.4    00.0   02.4     16.7    11:41     ENE
08    22.8    29.0   16:47    17.1   07:41     00.0     09.1    00.0   01.1     14.8    16:22     NNE
09    23.3    30.3   15:14    17.1   06:16     00.0     09.6    00.0   02.3     24.1    13:48     ENE
10    23.8    30.7   14:51    17.9   07:16     00.0     10.1    00.0   01.4     13.0    11:18     NNW
11    23.7    30.0   15:10    18.0   07:25     00.0     10.0    00.0   01.1     13.0    10:47     NNW
12    19.4    23.6   11:44    14.9   00:00     00.0     05.7    33.0   04.3     31.5    17:32      NE
13    16.3    19.7   13:48    13.9   07:19     00.0     02.6    00.8   01.2     14.8    17:46      SW
14    18.8    25.8   15:43    14.3   00:49     00.0     05.1    00.0   02.0     18.5    18:33      N 
15    18.9    25.1   15:38    13.2   07:31     00.0     05.2    00.0   01.8     16.7    17:38      SE
16    19.6    25.0   15:29    15.2   07:31     00.0     05.9    00.0   02.2     18.5    10:51     ENE
17    20.1    24.7   15:09    17.3   02:23     00.0     06.4    00.0   00.9     13.0    14:51     ENE
18    20.4    26.7   15:05    14.4   04:01     00.0     06.7    00.0   01.3     14.8    16:30     WSW
19    17.6    19.3   11:44    14.7   00:00     00.0     03.9    14.2   01.6     16.7    22:36      NE
20    15.8    22.0   15:16    10.3   07:39     00.0     02.1    00.2   03.2     22.2    16:25      SW
21    15.9    22.5   14:56    10.5   07:42     00.0     02.2    00.0   02.2     20.4    15:17      SW
22    16.5    22.6   14:52    10.7   07:34     00.0     02.8    00.0   01.1     11.1    16:59     NNE
23    18.6    23.2   15:24    14.9   07:01     00.0     04.9    00.0   01.0     13.0    15:27      NE
24    18.1    21.2   14:10    14.5   00:00     00.0     04.4    21.0   02.7     27.8    17:47      NE
25    18.2    24.6   16:07    12.7   07:26     00.0     04.5    00.2   01.6     18.5    12:37     ENE
26    19.1    23.9   15:25    16.8   05:18     00.0     05.4    08.0   01.5     16.7    11:02     NNE
27    20.4    26.1   15:18    16.4   00:00     00.0     06.7    01.8   03.1     29.6    16:17      SW
28    18.1    23.6   13:56    13.0   07:17     00.0     04.4    00.0   01.6     18.5    14:54     ENE
29    17.5    18.6   00:30    16.7   00:00     00.0     03.8    06.6   02.0     13.0    00:00      NW
30    18.7    22.5   14:53    16.2   05:46     00.0     05.0    18.4   02.4     24.1    23:20      NE
----------------------------------------------------------------------------------------------------------------------------------------------------------
19.9 (20.3)   30.7  day 10     10.3  day 20   000.0    185.3   129.4   02.3     40.7   day 01      NE
Max >=  27: 8
Max <=   21: 3
Min <=   13: 4
Min <= 11: 3
Max Rain: 33.0 ON 12-09-12
Days of Rain: 16 (> .2mm) 12 (> 2mm) 2 (> 20mm)