MONTHLY CLIMATOLOGICAL SUMMARY for SEP. 2013

NAME: Davis Vantage pro 2   CITY: Rossano Veneto STATE: Italia
ELEV: 86 LAT: 4542'30.22" LONG: 1148'17.75"

                            TEMPERATURE ( C), RAIN (mm), WIND SPEED (kmh)

                                               HEAT     COOL           AVG
      MEAN                                     DEG      DEG            WIND                       DOM
DAY   TEMP    HIGH   TIME     LOW    TIME      DAYS     DAYS    RAIN   SPEED    HIGH    TIME      DIR
----------------------------------------------------------------------------------------------------------------------------------------------------------
01    20.7    26.9   15:48    17.0   00:00     00.0     07.0    18.0   01.4     25.9    19:36      NE
02    20.9    26.7   16:08    16.3   06:47     00.0     07.2    00.4   02.2     16.7    09:44      N 
03    21.6    27.6   15:58    15.8   07:19     00.0     07.9    00.0   00.9     16.7    11:20     ENE
04    23.2    28.8   15:03    17.7   06:10     00.0     09.5    00.0   01.3     16.7    16:03     ENE
05    23.1    28.6   15:29    18.1   05:51     00.0     09.4    00.0   00.8     16.7    13:38     ESE
06    23.2    29.1   14:36    18.1   06:53     00.0     09.5    00.0   00.9     14.8    17:01     ESE
07    23.5    29.6   15:08    17.8   07:02     00.0     09.8    00.0   00.8     14.8    13:20      E 
08    23.4    28.2   14:32    19.2   07:28     00.0     09.7    00.0   01.1     13.0    14:26      E 
09    23.6    29.8   15:10    19.0   23:52     00.0     09.9    00.0   03.8     25.9    21:26     ESE
10    20.6    24.7   13:13    18.0   07:15     00.0     06.9    01.0   02.9     22.2    10:56      NE
11    17.4    20.8   15:21    14.1   00:00     00.0     03.7    02.0   02.4     18.5    15:57      E 
12    16.8    23.3   15:09    11.4   05:49     00.0     03.1    00.0   01.5     18.5    20:53     ESE
13    17.7    24.0   13:47    14.3   07:48     00.0     04.0    00.4   01.4     25.9    16:26      NE
14    18.1    24.5   15:54    12.5   08:00     00.0     04.4    00.0   01.1     14.8    13:41      NE
15    18.7    22.4   12:39    15.0   08:05     00.0     05.0    02.0   00.5     11.1    12:04      NE
16    19.3    24.6   14:53    13.7   07:43     00.0     05.6    00.0   01.5     14.8    16:35      SW
17    17.4    22.9   15:02    14.0   23:45     00.0     03.7    00.0   03.1     24.1    15:55     SSE
18    16.0    19.2   12:03    12.6   03:56     00.0     02.3    00.0   01.2     16.7    09:06     ENE
19    18.5    24.9   15:07    12.9   07:40     00.0     04.8    00.0   00.9     14.8    15:17     NNE
20    19.1    24.6   15:49    14.4   07:41     00.0     05.4    00.0   01.7     16.7    14:13      E 
21    19.8    25.9   16:27    14.6   07:39     00.0     06.1    00.0   01.2     24.1    16:26     ENE
22    19.0    23.0   16:54    15.1   07:25     00.0     05.3    00.0   01.1     14.8    12:02     ENE
23    18.1    24.9   15:37    12.3   07:41     00.0     04.4    00.0   00.8     18.5    13:41      NE
24    18.4    24.9   15:12    12.9   07:29     00.0     04.7    00.0   00.8     16.7    13:15     ENE
25    19.9    24.1   16:25    16.2   00:00     00.0     06.2    00.0   00.3     18.5    17:26      E 
26    19.0    25.1   15:32    13.6   07:05     00.0     05.3    00.0   00.8     18.5    13:02     ENE
27    21.3    24.4   15:10    19.1   07:55     00.0     07.6    00.0   02.0     14.8    09:01     ENE
28    20.9    24.2   14:52    18.4   07:28     00.0     07.2    00.0   01.2     13.0    15:48     ENE
29    14.9    17.1   14:20    13.2   08:34     00.0     01.2    01.2   03.9     24.1    12:51     ENE
----------------------------------------------------------------------------------------------------------------------------------------------------------
19.7 (20.2)   29.8  day 09     11.4  day 12   000.0    181.4   030.2   01.6     25.9   day 01     ENE
Max >=  27: 7
Max <=   21: 3
Min <=   13: 6
Max Rain: 18.0 ON 1-09-13
Days of Rain: 8 (> .2mm) 2 (> 2mm) 0 (> 20mm)